{"id":229,"date":"2026-03-24T14:54:29","date_gmt":"2026-03-24T14:54:29","guid":{"rendered":"https:\/\/www.house2house.ch\/?page_id=229"},"modified":"2026-03-24T21:57:45","modified_gmt":"2026-03-24T21:57:45","slug":"decouvrir-loeuvre-du-dr-tom-wadsworth","status":"publish","type":"page","link":"https:\/\/www.house2house.ch\/?page_id=229","title":{"rendered":"D\u00e9couvrir l&#8217;oeuvre du Dr Tom Wadsworth"},"content":{"rendered":"<h1><strong>D\u00e9couvrir l&#8217;oeuvre du Dr Tom Wadsworth<\/strong><\/h1>\n<p><em>S\u2019appuyant sur ses recherches doctorales, Tom propose une r\u00e9\u00e9valuation approfondie de l\u2019\u00c9glise primitive et remet en question certaines id\u00e9es re\u00e7ues sur les pratiques modernes de \u00ab culte \u00bb. Cette page rassemble une vari\u00e9t\u00e9 de ressources \u2014 vid\u00e9os, podcasts et \u00e9crits \u2014 permettant de d\u00e9couvrir ses r\u00e9flexions et d\u2019explorer ses conclusions en d\u00e9tail.<\/em><\/p>\n<h2><strong>LITTERATURE<\/strong><\/h2>\n<p>Dr. Tom Wadsworth a r\u00e9dig\u00e9 de nombreux articles qui explorent les enseignements bibliques, les pratiques de l\u2019\u00c9glise et les enjeux contemporains avec une approche r\u00e9fl\u00e9chie et acad\u00e9mique. Ses \u00e9crits offrent aux lecteurs l\u2019occasion de se familiariser avec ses recherches et ses r\u00e9flexions, apportant des perspectives qui remettent en question les id\u00e9es re\u00e7ues et favorisent une compr\u00e9hension plus profonde de la foi et du minist\u00e8re.<\/p>\n<h4><em>A Worship Service or an Assembly? An Investigation of the Terminology Used to Describe Church Meetings in the New Testament &#8211; PhD Dissertation<\/em><\/h4>\n<p><img loading=\"lazy\" decoding=\"async\" class=\"size-medium wp-image-222 aligncenter\" src=\"https:\/\/www.house2house.ch\/wp-content\/uploads\/2026\/03\/Tom-Wadsworth-bound-dissertation-min2-min2-237x300.webp\" alt=\"\" width=\"237\" height=\"300\" srcset=\"https:\/\/www.house2house.ch\/wp-content\/uploads\/2026\/03\/Tom-Wadsworth-bound-dissertation-min2-min2-237x300.webp 237w, https:\/\/www.house2house.ch\/wp-content\/uploads\/2026\/03\/Tom-Wadsworth-bound-dissertation-min2-min2-809x1024.webp 809w, https:\/\/www.house2house.ch\/wp-content\/uploads\/2026\/03\/Tom-Wadsworth-bound-dissertation-min2-min2-768x972.webp 768w, https:\/\/www.house2house.ch\/wp-content\/uploads\/2026\/03\/Tom-Wadsworth-bound-dissertation-min2-min2-1214x1536.webp 1214w, https:\/\/www.house2house.ch\/wp-content\/uploads\/2026\/03\/Tom-Wadsworth-bound-dissertation-min2-min2-1619x2048.webp 1619w, https:\/\/www.house2house.ch\/wp-content\/uploads\/2026\/03\/Tom-Wadsworth-bound-dissertation-min2-min2-scaled.webp 2023w\" sizes=\"auto, (max-width: 237px) 100vw, 237px\" \/><\/p>\n<p>D\u00e9couvrez la th\u00e8se de doctorat originale du Dr Tom Wadsworth, qui analyse les fondements bibliques des rassemblements de l\u2019\u00c9glise primitive. La th\u00e8se compl\u00e8te est disponible en t\u00e9l\u00e9chargement sur <a href=\"https:\/\/www.tomwadsworth.com\/the-christian-assembly\">son site officiel.<\/a><\/p>\n<h4><em>The Origin of the Christian Assembly<\/em><\/h4>\n<p><a href=\"http:\/\/Tom Wadsworth has authored numerous articles that explore biblical teachings, church practices, and contemporary issues from a thoughtful and scholarly perspective. His writing offers readers a chance to engage with his research and reflections, providing insights that challenge conventional thinking and encourage deeper understanding of faith and ministry.\"><img loading=\"lazy\" decoding=\"async\" class=\"size-medium wp-image-214 aligncenter\" src=\"https:\/\/www.house2house.ch\/wp-content\/uploads\/2026\/03\/OriginoftheChristianAssemblycover-min-232x300.webp\" alt=\"\" width=\"232\" height=\"300\" srcset=\"https:\/\/www.house2house.ch\/wp-content\/uploads\/2026\/03\/OriginoftheChristianAssemblycover-min-232x300.webp 232w, https:\/\/www.house2house.ch\/wp-content\/uploads\/2026\/03\/OriginoftheChristianAssemblycover-min.webp 750w\" sizes=\"auto, (max-width: 232px) 100vw, 232px\" \/><\/a><\/p>\n<p>L\u2019article complet est disponible en t\u00e9l\u00e9chargement sur le <a href=\"https:\/\/www.tomwadsworth.com\/s\/The-Origin-of-the-Christian-Assembly-TRW.pdf\">site officiel<\/a> du Dr Tom Wadsworth<\/p>\n<h4><em>The Shift: How the Early Church Evolved from House Meetings to Temple Worship<\/em><\/h4>\n<p><img loading=\"lazy\" decoding=\"async\" class=\"size-medium wp-image-215 aligncenter\" src=\"https:\/\/www.house2house.ch\/wp-content\/uploads\/2026\/03\/Tom-Wadsworth-the-shift-article-cover-min-225x300.webp\" alt=\"\" width=\"225\" height=\"300\" srcset=\"https:\/\/www.house2house.ch\/wp-content\/uploads\/2026\/03\/Tom-Wadsworth-the-shift-article-cover-min-225x300.webp 225w, https:\/\/www.house2house.ch\/wp-content\/uploads\/2026\/03\/Tom-Wadsworth-the-shift-article-cover-min.webp 750w\" sizes=\"auto, (max-width: 225px) 100vw, 225px\" \/><\/p>\n<p>L\u2019article complet est disponible en t\u00e9l\u00e9chargement sur le <a href=\"https:\/\/static1.squarespace.com\/static\/66343e9028842f2f20144bb8\/t\/66456090cf01d844c8b033a4\/1715822736445\/shift.pdf\">site officiel<\/a> du Dr Tom Wadsworth.<\/p>\n<h4><em>Divine Christology: Where It Stands, Where It Should Go<\/em><\/h4>\n<p><img loading=\"lazy\" decoding=\"async\" class=\"size-medium wp-image-216 aligncenter\" src=\"https:\/\/www.house2house.ch\/wp-content\/uploads\/2026\/03\/Tom-Wadsworth-divine-christology-232x300.webp\" alt=\"\" width=\"232\" height=\"300\" srcset=\"https:\/\/www.house2house.ch\/wp-content\/uploads\/2026\/03\/Tom-Wadsworth-divine-christology-232x300.webp 232w, https:\/\/www.house2house.ch\/wp-content\/uploads\/2026\/03\/Tom-Wadsworth-divine-christology.webp 480w\" sizes=\"auto, (max-width: 232px) 100vw, 232px\" \/><\/p>\n<p>L\u2019article complet est disponible en t\u00e9l\u00e9chargement sur le <a href=\"https:\/\/static1.squarespace.com\/static\/66343e9028842f2f20144bb8\/t\/664560ec8825833055308119\/1715822828639\/christology.pdf\">site officiel<\/a> du Dr Tom Wadsworth.<\/p>\n<h4><em>The Worship Debate with ChatGPT<\/em><\/h4>\n<p><img loading=\"lazy\" decoding=\"async\" class=\"size-medium wp-image-219 aligncenter\" src=\"https:\/\/www.house2house.ch\/wp-content\/uploads\/2026\/03\/geralt-artificial-intelligence-4389372_1920-300x200.jpg\" alt=\"\" width=\"300\" height=\"200\" srcset=\"https:\/\/www.house2house.ch\/wp-content\/uploads\/2026\/03\/geralt-artificial-intelligence-4389372_1920-300x200.jpg 300w, https:\/\/www.house2house.ch\/wp-content\/uploads\/2026\/03\/geralt-artificial-intelligence-4389372_1920-1024x683.jpg 1024w, https:\/\/www.house2house.ch\/wp-content\/uploads\/2026\/03\/geralt-artificial-intelligence-4389372_1920-768x512.jpg 768w, https:\/\/www.house2house.ch\/wp-content\/uploads\/2026\/03\/geralt-artificial-intelligence-4389372_1920-1536x1024.jpg 1536w, https:\/\/www.house2house.ch\/wp-content\/uploads\/2026\/03\/geralt-artificial-intelligence-4389372_1920.jpg 1920w\" sizes=\"auto, (max-width: 300px) 100vw, 300px\" \/><\/p>\n<p>Le d\u00e9bat complet est disponible en t\u00e9l\u00e9chargement sur le <a href=\"https:\/\/www.tomwadsworth.com\/answers-to-questions\/chatgpt-worship-debate\">site officiel<\/a> du Dr Tom Wadsworth.<\/p>\n<h4><em>About Women in the Assembly<\/em><\/h4>\n<p><img loading=\"lazy\" decoding=\"async\" class=\"size-medium wp-image-220 aligncenter\" src=\"https:\/\/www.house2house.ch\/wp-content\/uploads\/2026\/03\/tungart7-pray-8475969-300x200.jpg\" alt=\"\" width=\"300\" height=\"200\" srcset=\"https:\/\/www.house2house.ch\/wp-content\/uploads\/2026\/03\/tungart7-pray-8475969-300x200.jpg 300w, https:\/\/www.house2house.ch\/wp-content\/uploads\/2026\/03\/tungart7-pray-8475969-1024x683.jpg 1024w, https:\/\/www.house2house.ch\/wp-content\/uploads\/2026\/03\/tungart7-pray-8475969-768x512.jpg 768w, https:\/\/www.house2house.ch\/wp-content\/uploads\/2026\/03\/tungart7-pray-8475969-1536x1024.jpg 1536w, https:\/\/www.house2house.ch\/wp-content\/uploads\/2026\/03\/tungart7-pray-8475969-2048x1365.jpg 2048w\" sizes=\"auto, (max-width: 300px) 100vw, 300px\" \/><\/p>\n<p>Les questions concernant la prise de parole des femmes \u00e0 l\u2019\u00e9glise suscitent souvent des discussions anim\u00e9es et parfois de la confusion. Dans cette note de blog, le Dr Tom Wadsworth examine les commentaires de Paul sur le silence des femmes dans l\u2019assembl\u00e9e et r\u00e9fl\u00e9chit \u00e0 leur application \u2014 ou non \u2014 dans le contexte du culte moderne.<br data-start=\"392\" data-end=\"395\" \/>La note compl\u00e8te est disponible en t\u00e9l\u00e9chargement sur le <a href=\"https:\/\/www.tomwadsworth.com\/answers-to-questions\/women-in-the-assembly\">site officiel<\/a> du Dr Tom Wadsworth.<\/p>\n<h2><strong>VIDEO<\/strong><\/h2>\n<h3><strong>&#8220;The Assembly: How We Got Worship Wrong&#8221; Video series<\/strong><\/h3>\n<p>La s\u00e9rie vid\u00e9o du Dr Tom Wadsworth sur l\u2019assembl\u00e9e chr\u00e9tienne a suscit\u00e9 d\u2019importantes discussions et un fort engagement au sein de la communaut\u00e9 chr\u00e9tienne, tant en ligne qu\u2019en pr\u00e9sentiel. Initialement pr\u00e9sent\u00e9e sous une forme plus d\u00e9taill\u00e9e, la s\u00e9rie a \u00e9t\u00e9 tr\u00e8s appr\u00e9ci\u00e9e pour son examen approfondi des pratiques de l\u2019\u00c9glise du premier si\u00e8cle et de ce qu\u2019elles peuvent sugg\u00e9rer pour les rassemblements contemporains. Son impact est \u00e9galement visible \u00e0 travers une audience croissante, avec plus de 10 000 abonn\u00e9s et plus de 500&#8217;000 vues au total.<\/p>\n<h4><em>A Fresh Look at the Lord&#8217;s Supper<\/em><\/h4>\n<p><iframe loading=\"lazy\" title=\"A Fresh Look at the Lord&#039;s Supper by Tom Wadsworth, PhD.\" width=\"525\" height=\"295\" src=\"https:\/\/www.youtube.com\/embed\/WzuVG46Ztxs?feature=oembed\" frameborder=\"0\" allow=\"accelerometer; autoplay; clipboard-write; encrypted-media; gyroscope; picture-in-picture; web-share\" referrerpolicy=\"strict-origin-when-cross-origin\" allowfullscreen><\/iframe><\/p>\n<h4><em>Elders of the Ekklesia<\/em><\/h4>\n<p><iframe loading=\"lazy\" title=\"Elders of the Ekklesia: The Role of Elders in Early Christian Assemblies\" width=\"525\" height=\"295\" src=\"https:\/\/www.youtube.com\/embed\/IkNB8BXTgbM?feature=oembed\" frameborder=\"0\" allow=\"accelerometer; autoplay; clipboard-write; encrypted-media; gyroscope; picture-in-picture; web-share\" referrerpolicy=\"strict-origin-when-cross-origin\" allowfullscreen><\/iframe><\/p>\n<h4><em>How the Early Church Did Edification<\/em><\/h4>\n<p><iframe loading=\"lazy\" title=\"How the Early Church Did Edification\" width=\"525\" height=\"295\" src=\"https:\/\/www.youtube.com\/embed\/8tErctQy9_s?feature=oembed\" frameborder=\"0\" allow=\"accelerometer; autoplay; clipboard-write; encrypted-media; gyroscope; picture-in-picture; web-share\" referrerpolicy=\"strict-origin-when-cross-origin\" allowfullscreen><\/iframe><\/p>\n<h4><em>The New Way to God: The Bombshell Message of Hebrews<\/em><\/h4>\n<p><iframe loading=\"lazy\" title=\"The New Way to God: The Bombshell Message of Hebrews\" width=\"525\" height=\"295\" src=\"https:\/\/www.youtube.com\/embed\/i9JlD-zRoYA?feature=oembed\" frameborder=\"0\" allow=\"accelerometer; autoplay; clipboard-write; encrypted-media; gyroscope; picture-in-picture; web-share\" referrerpolicy=\"strict-origin-when-cross-origin\" allowfullscreen><\/iframe><\/p>\n<h4><em>The Major Methodological Flaw in Studies about Early Christian Worship<\/em><\/h4>\n<p><iframe loading=\"lazy\" title=\"The Major Methodological Flaw in Studies about Early Christian Worship\" width=\"525\" height=\"295\" src=\"https:\/\/www.youtube.com\/embed\/0ft1AalQim4?start=602&#038;feature=oembed\" frameborder=\"0\" allow=\"accelerometer; autoplay; clipboard-write; encrypted-media; gyroscope; picture-in-picture; web-share\" referrerpolicy=\"strict-origin-when-cross-origin\" allowfullscreen><\/iframe><\/p>\n<h4><em>Why They Didn&#8217;t Preach Sermons in the Early Church<\/em><\/h4>\n<p><iframe loading=\"lazy\" title=\"Why They Didn&#039;t Preach Sermons in the Early Church (updated)\" width=\"525\" height=\"295\" src=\"https:\/\/www.youtube.com\/embed\/CheA3jTRcLc?feature=oembed\" frameborder=\"0\" allow=\"accelerometer; autoplay; clipboard-write; encrypted-media; gyroscope; picture-in-picture; web-share\" referrerpolicy=\"strict-origin-when-cross-origin\" allowfullscreen><\/iframe><\/p>\n<h4><em>Why the Early Church Didn&#8217;t Have Worship Services<\/em><\/h4>\n<p><iframe loading=\"lazy\" title=\"Why the Early Church Didn&#039;t Have Worship Services - 7 videos in 1\" width=\"525\" height=\"295\" src=\"https:\/\/www.youtube.com\/embed\/sw4MTdbq3Xw?list=PLBymWQLP-rkGoTzyS81-MIi5q63Aq4UgI\" frameborder=\"0\" allow=\"accelerometer; autoplay; clipboard-write; encrypted-media; gyroscope; picture-in-picture; web-share\" referrerpolicy=\"strict-origin-when-cross-origin\" allowfullscreen><\/iframe><\/p>\n<h2><strong>PODCAST<\/strong><\/h2>\n<p>Le Dr Tom Wadsworth a particip\u00e9 \u00e0 plusieurs interviews sur des podcasts, diffusant ses recherches sur l\u2019assembl\u00e9e chr\u00e9tienne aupr\u00e8s d\u2019un public plus large. Ces interventions lui permettent de partager ses r\u00e9flexions, de favoriser un dialogue approfondi et d\u2019inviter les auditeurs \u00e0 repenser certaines perspectives traditionnelles sur les rassemblements d\u2019\u00c9glise.<\/p>\n<h4><em>How To Think Podcast<\/em><\/h4>\n<p><iframe loading=\"lazy\" title=\"How To Think Podcast: An Interview with Dr. Tom Wadsworth\" width=\"525\" height=\"295\" src=\"https:\/\/www.youtube.com\/embed\/c3OW58X0jNc?feature=oembed\" frameborder=\"0\" allow=\"accelerometer; autoplay; clipboard-write; encrypted-media; gyroscope; picture-in-picture; web-share\" referrerpolicy=\"strict-origin-when-cross-origin\" allowfullscreen><\/iframe><\/p>\n<h4><em>Exporing Wadsworth&#8217;s Worship Thesis<\/em><\/h4>\n<p><iframe loading=\"lazy\" title=\"Exploring Wadsworth&#039;s Worship Thesis\" width=\"525\" height=\"295\" src=\"https:\/\/www.youtube.com\/embed\/SVh0PwjIaps?feature=oembed\" frameborder=\"0\" allow=\"accelerometer; autoplay; clipboard-write; encrypted-media; gyroscope; picture-in-picture; web-share\" referrerpolicy=\"strict-origin-when-cross-origin\" allowfullscreen><\/iframe><\/p>\n<h4><em>What Your Pastor Didn&#8217;t Tell You<\/em><\/h4>\n<p><iframe loading=\"lazy\" title=\"What Early Church Assemblies Were Actually Like @tomwadsworth\" width=\"525\" height=\"295\" src=\"https:\/\/www.youtube.com\/embed\/Y70DBDlmxlo?feature=oembed\" frameborder=\"0\" allow=\"accelerometer; autoplay; clipboard-write; encrypted-media; gyroscope; picture-in-picture; web-share\" referrerpolicy=\"strict-origin-when-cross-origin\" allowfullscreen><\/iframe><\/p>\n<h4><em>In Search of Truth<\/em><\/h4>\n<p><iframe loading=\"lazy\" title=\"In Search of Truth LIVE ... About the Christian Assembly\" width=\"525\" height=\"295\" src=\"https:\/\/www.youtube.com\/embed\/LLvmkFZZPAI?feature=oembed\" frameborder=\"0\" allow=\"accelerometer; autoplay; clipboard-write; encrypted-media; gyroscope; picture-in-picture; web-share\" referrerpolicy=\"strict-origin-when-cross-origin\" allowfullscreen><\/iframe><\/p>\n<p>&nbsp;<\/p>\n<p>&nbsp;<\/p>\n<p>&nbsp;<\/p>\n","protected":false},"excerpt":{"rendered":"<p>D\u00e9couvrir l&#8217;oeuvre du Dr Tom Wadsworth S\u2019appuyant sur ses recherches doctorales, Tom propose une r\u00e9\u00e9valuation approfondie de l\u2019\u00c9glise primitive et remet en question certaines id\u00e9es re\u00e7ues sur les pratiques modernes de \u00ab culte \u00bb. Cette page rassemble une vari\u00e9t\u00e9 de ressources \u2014 vid\u00e9os, podcasts et \u00e9crits \u2014 permettant de d\u00e9couvrir ses r\u00e9flexions et d\u2019explorer ses &hellip; <\/p>\n<p class=\"link-more\"><a href=\"https:\/\/www.house2house.ch\/?page_id=229\" class=\"more-link\">Continue reading<span class=\"screen-reader-text\"> &#8220;D\u00e9couvrir l&#8217;oeuvre du Dr Tom Wadsworth&#8221;<\/span><\/a><\/p>\n","protected":false},"author":2,"featured_media":0,"parent":0,"menu_order":0,"comment_status":"closed","ping_status":"closed","template":"","meta":{"footnotes":""},"class_list":["post-229","page","type-page","status-publish","hentry"],"_links":{"self":[{"href":"https:\/\/www.house2house.ch\/index.php?rest_route=\/wp\/v2\/pages\/229","targetHints":{"allow":["GET"]}}],"collection":[{"href":"https:\/\/www.house2house.ch\/index.php?rest_route=\/wp\/v2\/pages"}],"about":[{"href":"https:\/\/www.house2house.ch\/index.php?rest_route=\/wp\/v2\/types\/page"}],"author":[{"embeddable":true,"href":"https:\/\/www.house2house.ch\/index.php?rest_route=\/wp\/v2\/users\/2"}],"replies":[{"embeddable":true,"href":"https:\/\/www.house2house.ch\/index.php?rest_route=%2Fwp%2Fv2%2Fcomments&post=229"}],"version-history":[{"count":7,"href":"https:\/\/www.house2house.ch\/index.php?rest_route=\/wp\/v2\/pages\/229\/revisions"}],"predecessor-version":[{"id":476,"href":"https:\/\/www.house2house.ch\/index.php?rest_route=\/wp\/v2\/pages\/229\/revisions\/476"}],"wp:attachment":[{"href":"https:\/\/www.house2house.ch\/index.php?rest_route=%2Fwp%2Fv2%2Fmedia&parent=229"}],"curies":[{"name":"wp","href":"https:\/\/api.w.org\/{rel}","templated":true}]}}