{"id":486,"date":"2026-03-25T18:50:14","date_gmt":"2026-03-25T18:50:14","guid":{"rendered":"https:\/\/www.house2house.ch\/?page_id=486"},"modified":"2026-03-25T21:31:34","modified_gmt":"2026-03-25T21:31:34","slug":"contact","status":"publish","type":"page","link":"https:\/\/www.house2house.ch\/?page_id=486","title":{"rendered":"Contactez-nous"},"content":{"rendered":"<h1>Contactez-nous<\/h1>\n<p>Vous souhaitez entrer en contact avec notre communaut\u00e9, poser une question, confier une intention ou simplement d\u00e9couvrir notre vie et nos activit\u00e9s ?<\/p>\n<p>N\u2019h\u00e9sitez pas \u00e0 remplir le formulaire ci-dessous : chaque message est accueilli avec attention, dans un esprit d\u2019\u00e9coute, de bienveillance et de respect.<br \/>\n<em>Nous vous r\u00e9pondrons d\u00e8s que possible, selon nos disponibilit\u00e9s.<\/em><\/p>\n<div class=\"forminator-ui forminator-custom-form forminator-custom-form-518 forminator-design--default  forminator_ajax\" data-forminator-render=\"0\" data-form=\"forminator-module-518\" data-uid=\"69e2244561283\"><br\/><\/div><form\n\t\t\t\tid=\"forminator-module-518\"\n\t\t\t\tclass=\"forminator-ui forminator-custom-form forminator-custom-form-518 forminator-design--default  forminator_ajax\"\n\t\t\t\tmethod=\"post\"\n\t\t\t\tdata-forminator-render=\"0\"\n\t\t\t\tdata-form-id=\"518\"\n\t\t\t\t data-color-option=\"theme\" data-design=\"default\" data-grid=\"open\" style=\"display: none;\"\n\t\t\t\tdata-uid=\"69e2244561283\"\n\t\t\t><div role=\"alert\" aria-live=\"polite\" class=\"forminator-response-message forminator-error\" aria-hidden=\"true\"><\/div><div class=\"forminator-row\"><div id=\"name-1\" class=\"forminator-field-name forminator-col forminator-col-12 \"><div class=\"forminator-field\"><label for=\"forminator-field-name-1_69e2244561283\" id=\"forminator-field-name-1_69e2244561283-label\" class=\"forminator-label\">Nom <span class=\"forminator-required\">*<\/span><\/label><input type=\"text\" name=\"name-1\" value=\"\" placeholder=\"\" id=\"forminator-field-name-1_69e2244561283\" class=\"forminator-input forminator-name--field\" aria-required=\"true\" autocomplete=\"name\" \/><\/div><\/div><\/div><div class=\"forminator-row\"><div id=\"email-1\" class=\"forminator-field-email forminator-col forminator-col-12 \"><div class=\"forminator-field\"><label for=\"forminator-field-email-1_69e2244561283\" id=\"forminator-field-email-1_69e2244561283-label\" class=\"forminator-label\">Addresse e-mail <span class=\"forminator-required\">*<\/span><\/label><input type=\"email\" name=\"email-1\" value=\"\" placeholder=\"\" id=\"forminator-field-email-1_69e2244561283\" class=\"forminator-input forminator-email--field\" data-required=\"true\" aria-required=\"true\" autocomplete=\"email\" \/><\/div><\/div><\/div><div class=\"forminator-row\"><div id=\"select-1\" class=\"forminator-field-select forminator-col forminator-col-12 \"><div class=\"forminator-field\"><label for=\"forminator-form-518__field--select-1_69e2244561283\" id=\"forminator-form-518__field--select-1_69e2244561283-label\" class=\"forminator-label\">Pourquoi vous nous contactez ?<\/label><select  id=\"forminator-form-518__field--select-1_69e2244561283\" class=\"forminator-select--field forminator-select2 forminator-select2-multiple\" data-required=\"\" name=\"select-1\" data-default-value=\"\" data-hidden-behavior=\"zero\" data-placeholder=\"\" data-search=\"false\" data-search-placeholder=\"\" data-checkbox=\"false\" data-allow-clear=\"false\" aria-labelledby=\"forminator-form-518__field--select-1_69e2244561283-label\"><option value=\"one\"  data-calculation=\"0\">Question g\u00e9n\u00e9rique<\/option><option value=\"two\"  data-calculation=\"0\">J'aimerais rejoindre un groupe.<\/option><option value=\"Participation-in-an-event\"  data-calculation=\"0\">J'aimerais participer \u00e0 un \u00e9v\u00e9nement.<\/option><option value=\"Prayer-request\"  data-calculation=\"0\">J'aimerais recevoir de la pri\u00e8re.<\/option><option value=\"custom_option\"  data-calculation=\"0\">Autres<\/option><\/select><div class=\"forminator-field forminator-custom-input\"><input id=\"custom-forminator-form-518__field--select-1_69e2244561283\" name=\"custom-select-1\" class=\"forminator-input\" aria-label=\"Autres\" value=\"\" \/><\/div><\/div><\/div><\/div><div class=\"forminator-row\"><div id=\"textarea-1\" class=\"forminator-field-textarea forminator-col forminator-col-12 \"><div class=\"forminator-field\"><label for=\"forminator-field-textarea-1_69e2244561283\" id=\"forminator-field-textarea-1_69e2244561283-label\" class=\"forminator-label\">Mitteilung<\/label><textarea name=\"textarea-1\" placeholder=\"\" id=\"forminator-field-textarea-1_69e2244561283\" class=\"forminator-textarea\" rows=\"6\" style=\"min-height:200px;\" ><\/textarea><\/div><\/div><\/div><div class=\"forminator-row\"><div id=\"captcha-1\" class=\"forminator-field-captcha forminator-col forminator-col-12 \">\t\t<input\n\t\t\t\ttype=\"hidden\"\n\t\t\t\tclass=\"hcaptcha-widget-id\"\n\t\t\t\tname=\"hcaptcha-widget-id\"\n\t\t\t\tvalue=\"eyJzb3VyY2UiOlsiZm9ybWluYXRvclwvZm9ybWluYXRvci5waHAiXSwiZm9ybV9pZCI6NTE4fQ==-8367ee619dedc13164ae47fb61166dc5\">\n\t\t\t\t<h-captcha\n\t\t\tclass=\"h-captcha\"\n\t\t\tdata-sitekey=\"b534e5d8-322c-40fa-a50c-8dda87fe44d8\"\n\t\t\tdata-theme=\"dark\"\n\t\t\tdata-size=\"normal\"\n\t\t\tdata-auto=\"false\"\n\t\t\tdata-ajax=\"false\"\n\t\t\tdata-force=\"true\">\n\t\t<\/h-captcha>\n\t\t<input type=\"hidden\" id=\"hcaptcha_forminator_nonce\" name=\"hcaptcha_forminator_nonce\" value=\"9b80fb6973\" \/><input type=\"hidden\" name=\"_wp_http_referer\" value=\"\/index.php?rest_route=%2Fwp%2Fv2%2Fpages%2F486\" \/>\t\t<label for=\"hcap_hp_lWOlecjRqdH1\"><\/label>\n\t\t<input\n\t\t\t\ttype=\"text\" id=\"hcap_hp_lWOlecjRqdH1\" name=\"hcap_hp_lWOlecjRqdH1\" value=\"\"\n\t\t\t\treadonly inputmode=\"none\" autocomplete=\"new-password\" tabindex=\"-1\" aria-hidden=\"true\"\n\t\t\t\tstyle=\"position:absolute; left:-9999px; top:auto; height:0; width:0; opacity:0;\"\/>\n\t\t<input type=\"hidden\" name=\"hcap_hp_sig\" value=\"dbfa418674\"\/>\n\t\t<\/div><\/div><input type=\"hidden\" name=\"referer_url\" value=\"\" \/><div class=\"forminator-row forminator-row-last\"><div class=\"forminator-col\"><div class=\"forminator-field\"><button class=\"forminator-button forminator-button-submit\">Envoyer<\/button><\/div><\/div><\/div><input type=\"hidden\" id=\"forminator_nonce\" name=\"forminator_nonce\" value=\"bccad04650\" \/><input type=\"hidden\" name=\"_wp_http_referer\" value=\"\/index.php?rest_route=%2Fwp%2Fv2%2Fpages%2F486\" \/><input type=\"hidden\" name=\"form_id\" value=\"518\"><input type=\"hidden\" name=\"page_id\" value=\"486\"><input type=\"hidden\" name=\"form_type\" value=\"default\"><input type=\"hidden\" name=\"current_url\" value=\"https:\/\/www.house2house.ch\/?page_id=486\"><input type=\"hidden\" name=\"render_id\" value=\"0\"><input type=\"hidden\" name=\"action\" value=\"forminator_submit_form_custom-forms\"><\/form>\n","protected":false},"excerpt":{"rendered":"<p>Contactez-nous Vous souhaitez entrer en contact avec notre communaut\u00e9, poser une question, confier une intention ou simplement d\u00e9couvrir notre vie et nos activit\u00e9s ? N\u2019h\u00e9sitez pas \u00e0 remplir le formulaire ci-dessous : chaque message est accueilli avec attention, dans un esprit d\u2019\u00e9coute, de bienveillance et de respect. Nous vous r\u00e9pondrons d\u00e8s que possible, selon nos &hellip; <\/p>\n<p class=\"link-more\"><a href=\"https:\/\/www.house2house.ch\/?page_id=486\" class=\"more-link\">Continue reading<span class=\"screen-reader-text\"> &#8220;Contactez-nous&#8221;<\/span><\/a><\/p>\n","protected":false},"author":1,"featured_media":0,"parent":0,"menu_order":0,"comment_status":"closed","ping_status":"closed","template":"","meta":{"footnotes":""},"class_list":["post-486","page","type-page","status-publish","hentry"],"_links":{"self":[{"href":"https:\/\/www.house2house.ch\/index.php?rest_route=\/wp\/v2\/pages\/486","targetHints":{"allow":["GET"]}}],"collection":[{"href":"https:\/\/www.house2house.ch\/index.php?rest_route=\/wp\/v2\/pages"}],"about":[{"href":"https:\/\/www.house2house.ch\/index.php?rest_route=\/wp\/v2\/types\/page"}],"author":[{"embeddable":true,"href":"https:\/\/www.house2house.ch\/index.php?rest_route=\/wp\/v2\/users\/1"}],"replies":[{"embeddable":true,"href":"https:\/\/www.house2house.ch\/index.php?rest_route=%2Fwp%2Fv2%2Fcomments&post=486"}],"version-history":[{"count":5,"href":"https:\/\/www.house2house.ch\/index.php?rest_route=\/wp\/v2\/pages\/486\/revisions"}],"predecessor-version":[{"id":519,"href":"https:\/\/www.house2house.ch\/index.php?rest_route=\/wp\/v2\/pages\/486\/revisions\/519"}],"wp:attachment":[{"href":"https:\/\/www.house2house.ch\/index.php?rest_route=%2Fwp%2Fv2%2Fmedia&parent=486"}],"curies":[{"name":"wp","href":"https:\/\/api.w.org\/{rel}","templated":true}]}}