{"id":488,"date":"2026-03-25T18:50:25","date_gmt":"2026-03-25T18:50:25","guid":{"rendered":"https:\/\/www.house2house.ch\/?page_id=488"},"modified":"2026-03-25T21:31:49","modified_gmt":"2026-03-25T21:31:49","slug":"kontakt","status":"publish","type":"page","link":"https:\/\/www.house2house.ch\/?page_id=488&lang=de","title":{"rendered":"Kontaktieren Sie uns"},"content":{"rendered":"<h1>Kontaktieren Sie uns<\/h1>\n<p class=\"isSelectedEnd\">M\u00f6chten Sie mit unserer Gemeinschaft in Kontakt treten, eine Frage stellen, ein Anliegen mitteilen oder einfach mehr \u00fcber unser Leben und unsere Aktivit\u00e4ten erfahren?<\/p>\n<p>Gerne k\u00f6nnen Sie das untenstehende Formular ausf\u00fcllen. Jede Nachricht wird mit Aufmerksamkeit aufgenommen, in einem Geist des Zuh\u00f6rens, der Freundlichkeit und des Respekts. Wir werden Ihnen so bald wie m\u00f6glich entsprechend unserer M\u00f6glichkeiten antworten.<\/p>\n<div class=\"forminator-ui forminator-custom-form forminator-custom-form-517 forminator-design--default  forminator_ajax\" data-forminator-render=\"0\" data-form=\"forminator-module-517\" data-uid=\"69e2245212d21\"><br\/><\/div><form\n\t\t\t\tid=\"forminator-module-517\"\n\t\t\t\tclass=\"forminator-ui forminator-custom-form forminator-custom-form-517 forminator-design--default  forminator_ajax\"\n\t\t\t\tmethod=\"post\"\n\t\t\t\tdata-forminator-render=\"0\"\n\t\t\t\tdata-form-id=\"517\"\n\t\t\t\t data-color-option=\"theme\" data-design=\"default\" data-grid=\"open\" style=\"display: none;\"\n\t\t\t\tdata-uid=\"69e2245212d21\"\n\t\t\t><div role=\"alert\" aria-live=\"polite\" class=\"forminator-response-message forminator-error\" aria-hidden=\"true\"><\/div><div class=\"forminator-row\"><div id=\"name-1\" class=\"forminator-field-name forminator-col forminator-col-12 \"><div class=\"forminator-field\"><label for=\"forminator-field-name-1_69e2245212d21\" id=\"forminator-field-name-1_69e2245212d21-label\" class=\"forminator-label\">Name <span class=\"forminator-required\">*<\/span><\/label><input type=\"text\" name=\"name-1\" value=\"\" placeholder=\"\" id=\"forminator-field-name-1_69e2245212d21\" class=\"forminator-input forminator-name--field\" aria-required=\"true\" autocomplete=\"name\" \/><\/div><\/div><\/div><div class=\"forminator-row\"><div id=\"email-1\" class=\"forminator-field-email forminator-col forminator-col-12 \"><div class=\"forminator-field\"><label for=\"forminator-field-email-1_69e2245212d21\" id=\"forminator-field-email-1_69e2245212d21-label\" class=\"forminator-label\">Email Addresse <span class=\"forminator-required\">*<\/span><\/label><input type=\"email\" name=\"email-1\" value=\"\" placeholder=\"\" id=\"forminator-field-email-1_69e2245212d21\" class=\"forminator-input forminator-email--field\" data-required=\"true\" aria-required=\"true\" autocomplete=\"email\" \/><\/div><\/div><\/div><div class=\"forminator-row\"><div id=\"select-1\" class=\"forminator-field-select forminator-col forminator-col-12 \"><div class=\"forminator-field\"><label for=\"forminator-form-517__field--select-1_69e2245212d21\" id=\"forminator-form-517__field--select-1_69e2245212d21-label\" class=\"forminator-label\">Warum kontaktiert ihr uns ?<\/label><select  id=\"forminator-form-517__field--select-1_69e2245212d21\" class=\"forminator-select--field forminator-select2 forminator-select2-multiple\" data-required=\"\" name=\"select-1\" data-default-value=\"\" data-hidden-behavior=\"zero\" data-placeholder=\"\" data-search=\"false\" data-search-placeholder=\"\" data-checkbox=\"false\" data-allow-clear=\"false\" aria-labelledby=\"forminator-form-517__field--select-1_69e2245212d21-label\"><option value=\"one\"  data-calculation=\"0\">Allgemeine Anfrage<\/option><option value=\"two\"  data-calculation=\"0\">Ich m\u00f6chte mich einer Gruppe anschliessen<\/option><option value=\"Participation-in-an-event\"  data-calculation=\"0\">Ich m\u00f6chte an einem Event teilnehmen<\/option><option value=\"Prayer-request\"  data-calculation=\"0\">Anfrage f\u00fcr F\u00fcrbitte\/Gebet<\/option><option value=\"custom_option\"  data-calculation=\"0\">Anderes<\/option><\/select><div class=\"forminator-field forminator-custom-input\"><input id=\"custom-forminator-form-517__field--select-1_69e2245212d21\" name=\"custom-select-1\" class=\"forminator-input\" aria-label=\"Anderes\" value=\"\" \/><\/div><\/div><\/div><\/div><div class=\"forminator-row\"><div id=\"textarea-1\" class=\"forminator-field-textarea forminator-col forminator-col-12 \"><div class=\"forminator-field\"><label for=\"forminator-field-textarea-1_69e2245212d21\" id=\"forminator-field-textarea-1_69e2245212d21-label\" class=\"forminator-label\">Mitteilung<\/label><textarea name=\"textarea-1\" placeholder=\"\" id=\"forminator-field-textarea-1_69e2245212d21\" class=\"forminator-textarea\" rows=\"6\" style=\"min-height:200px;\" ><\/textarea><\/div><\/div><\/div><div class=\"forminator-row\"><div id=\"captcha-1\" class=\"forminator-field-captcha forminator-col forminator-col-12 \">\t\t<input\n\t\t\t\ttype=\"hidden\"\n\t\t\t\tclass=\"hcaptcha-widget-id\"\n\t\t\t\tname=\"hcaptcha-widget-id\"\n\t\t\t\tvalue=\"eyJzb3VyY2UiOlsiZm9ybWluYXRvclwvZm9ybWluYXRvci5waHAiXSwiZm9ybV9pZCI6NTE3fQ==-36c0a796b64f2e58013b7a3dfb8ed21e\">\n\t\t\t\t<h-captcha\n\t\t\tclass=\"h-captcha\"\n\t\t\tdata-sitekey=\"b534e5d8-322c-40fa-a50c-8dda87fe44d8\"\n\t\t\tdata-theme=\"dark\"\n\t\t\tdata-size=\"normal\"\n\t\t\tdata-auto=\"false\"\n\t\t\tdata-ajax=\"false\"\n\t\t\tdata-force=\"true\">\n\t\t<\/h-captcha>\n\t\t<input type=\"hidden\" id=\"hcaptcha_forminator_nonce\" name=\"hcaptcha_forminator_nonce\" value=\"9b80fb6973\" \/><input type=\"hidden\" name=\"_wp_http_referer\" value=\"\/index.php?rest_route=%2Fwp%2Fv2%2Fpages%2F488\" \/>\t\t<label for=\"hcap_hp_npDL9GoPZGo2\"><\/label>\n\t\t<input\n\t\t\t\ttype=\"text\" id=\"hcap_hp_npDL9GoPZGo2\" name=\"hcap_hp_npDL9GoPZGo2\" value=\"\"\n\t\t\t\treadonly inputmode=\"none\" autocomplete=\"new-password\" tabindex=\"-1\" aria-hidden=\"true\"\n\t\t\t\tstyle=\"position:absolute; left:-9999px; top:auto; height:0; width:0; opacity:0;\"\/>\n\t\t<input type=\"hidden\" name=\"hcap_hp_sig\" value=\"b10556b79c\"\/>\n\t\t<\/div><\/div><input type=\"hidden\" name=\"referer_url\" value=\"\" \/><div class=\"forminator-row forminator-row-last\"><div class=\"forminator-col\"><div class=\"forminator-field\"><button class=\"forminator-button forminator-button-submit\">Senden<\/button><\/div><\/div><\/div><input type=\"hidden\" id=\"forminator_nonce\" name=\"forminator_nonce\" value=\"b1b4675ec7\" \/><input type=\"hidden\" name=\"_wp_http_referer\" value=\"\/index.php?rest_route=%2Fwp%2Fv2%2Fpages%2F488\" \/><input type=\"hidden\" name=\"form_id\" value=\"517\"><input type=\"hidden\" name=\"page_id\" value=\"488\"><input type=\"hidden\" name=\"form_type\" value=\"default\"><input type=\"hidden\" name=\"current_url\" value=\"https:\/\/www.house2house.ch\/?page_id=488&#038;lang=de\"><input type=\"hidden\" name=\"render_id\" value=\"0\"><input type=\"hidden\" name=\"action\" value=\"forminator_submit_form_custom-forms\"><\/form>\n","protected":false},"excerpt":{"rendered":"<p>Kontaktieren Sie uns M\u00f6chten Sie mit unserer Gemeinschaft in Kontakt treten, eine Frage stellen, ein Anliegen mitteilen oder einfach mehr \u00fcber unser Leben und unsere Aktivit\u00e4ten erfahren? Gerne k\u00f6nnen Sie das untenstehende Formular ausf\u00fcllen. Jede Nachricht wird mit Aufmerksamkeit aufgenommen, in einem Geist des Zuh\u00f6rens, der Freundlichkeit und des Respekts. Wir werden Ihnen so bald &hellip; <\/p>\n<p class=\"link-more\"><a href=\"https:\/\/www.house2house.ch\/?page_id=488&#038;lang=de\" class=\"more-link\">Continue reading<span class=\"screen-reader-text\"> &#8220;Kontaktieren Sie uns&#8221;<\/span><\/a><\/p>\n","protected":false},"author":1,"featured_media":0,"parent":0,"menu_order":0,"comment_status":"closed","ping_status":"closed","template":"","meta":{"footnotes":""},"class_list":["post-488","page","type-page","status-publish","hentry"],"_links":{"self":[{"href":"https:\/\/www.house2house.ch\/index.php?rest_route=\/wp\/v2\/pages\/488","targetHints":{"allow":["GET"]}}],"collection":[{"href":"https:\/\/www.house2house.ch\/index.php?rest_route=\/wp\/v2\/pages"}],"about":[{"href":"https:\/\/www.house2house.ch\/index.php?rest_route=\/wp\/v2\/types\/page"}],"author":[{"embeddable":true,"href":"https:\/\/www.house2house.ch\/index.php?rest_route=\/wp\/v2\/users\/1"}],"replies":[{"embeddable":true,"href":"https:\/\/www.house2house.ch\/index.php?rest_route=%2Fwp%2Fv2%2Fcomments&post=488"}],"version-history":[{"count":4,"href":"https:\/\/www.house2house.ch\/index.php?rest_route=\/wp\/v2\/pages\/488\/revisions"}],"predecessor-version":[{"id":520,"href":"https:\/\/www.house2house.ch\/index.php?rest_route=\/wp\/v2\/pages\/488\/revisions\/520"}],"wp:attachment":[{"href":"https:\/\/www.house2house.ch\/index.php?rest_route=%2Fwp%2Fv2%2Fmedia&parent=488"}],"curies":[{"name":"wp","href":"https:\/\/api.w.org\/{rel}","templated":true}]}}